944?
9
What is the thousands digit of 319900671?
0
What is the ten millions digit of 299158738?
9
What is the ten thousands digit of 92568646?
6
What is the ten thousands digit of 1870760876?
6
What is the units digit of 67115139?
9
What is the thousands digit of 1300318830?
8
What is the thousands digit of 4813525060?
5
What is the ten thousands digit of 15531282?
3
What is the thousands digit of 98233441?
3
What is the ten thousands digit of 52738069?
3
What is the hundred millions digit of 433867354?
4
What is the hundred thousands digit of 3816650273?
6
What is the hundred millions digit of 626086133?
6
What is the ten millions digit of 44342669?
4
What is the hundred thousands digit of 51904406?
9
What is the ten millions digit of 4709072978?
0
What is the ten thousands digit of 8485511?
8
What is the ten thousands digit of 782614526?
1
What is the thousands digit of 451532813?
2
What is the millions digit of 763553079?
3
What is the millions digit of 140507697?
0
What is the hundred thousands digit of 5543857969?
8
What is the hundreds digit of 56529317?
3
What is the ten thousands digit of 245053970?
5
What is the hundreds digit of 32053503?
5
What is the thousands digit of 1576786529?
6
What is the thousands digit of 31716128?
6
What is the tens digit of 974030813?
1
What is the units digit of 73700986?
6
What is the hundred millions digit of 366048128?
3
What is the hundred thousands digit of 844167254?
1
What is the thousands digit of 263324599?
4
What is the millions digit of 61891557?
1
What is the hundreds digit of 955849122?
1
What is the ten thousands digit of 412874234?
7
What is the millions digit of 51585384?
1
What is the thousands digit of 48950241?
0
What is the ten millions digit of 27423549?
2
What is the millions digit of 72279072?
2
What is the ten thousands digit of 105710559?
1
What is the hundred thousands digit of 42623226?
6
What is the ten thousands digit of 14712651?
1
What is the hundred thousands digit of 761531829?
5
What is the hundred thousands digit of 2159296000?
2
What is the hundreds digit of 5016321437?
4
What is the ten millions digit of 288198980?
8
What is the units digit of 4393610648?
8
What is the units digit of 19813481?
1
What is the units digit of 47700529?
9
What is the ten millions digit of 121904793?
2
What is the tens digit of 237592093?
9
What is the tens digit of 129657623?
2
What is the millions digit of 360367978?
0
What is the units digit of 67394059?
9
What is the units digit of 386959241?
1
What is the millions digit of 420215986?
0
What is the hundred millions digit of 106097464?
1
What is the tens digit of 66215392?
9
What is the ten millions digit of 71360461?
7
What is the hundreds digit of 422184314?
3
What is the millions digit of 5779902453?
9
What is the ten thousands digit of 93409864?
0
What is the thousands digit of 59040275?
0
What is the units digit of 770692294?
4
What is the ten thousands digit of 86360470?
6
What is the millions digit of 681756539?
1
What is the ten thousands digit of 15263343?
6
What is the units digit of 2104522814?
4
What is the hundred thousands digit of 54975912?
9
What is the thousands digit of 195988846?
8
What is the hundred thousands digit of 2083183341?
1
What is the hundred thousands digit of 100551867?
5
What is the ten millions digit of 236945950?
3
What is the millions digit of 441725602?
1
What is the units digit of 883536?
6
What is the tens digit of 178132591?
9
What is the hundred millions digit of 1663905522?
6
What is the tens digit of 1929876332?
3
What is the millions digit of 1323706390?
3
What is the ten thousands digit of 27691816?
9
What is the billions digit of 2820208108?
2
What is the billions digit of 1060224104?
1
What is the millions digit of 869808320?
9
What is the ten millions digit of 2438632508?
3
What is the hundreds digit of 29229080?
0
What is the hundred millions digit of 7909316705?
9
What is the tens digit of 11185607?
0
What is the thousands digit of 288980784?
0
What is the hundred millions digit of 1756318603?
7
What is the tens digit of 43008342?
4
What is the ten thousands digit of 314067727?
6
What is the units digit of 154026749?
9
What is the thousands digit of 2149184038?
4
What is the ten millions digit of 169212126?
6
What is the units digit of 7622072?
2
What is the hundreds digit of 1411119818?
8
What is the hundred millions digit of 389230604?
3
What is the billions digit of 3914959750?
3
What is the ten millions digit of 967394360?
6
What is the billions digit of 1890200302?
1
What is the ten thousands digit of 53903461?
0
What is the thousands digit of 913431315?
1
What is the thousands digit of 100960778?
0
What is the hundred thousands digit of 118866367?
8
What is the hundred thousands digit of 400018475?
0
What is the hundred millions digit of 7074099179?
0
What is the thousands digit of 16148644?
8
What is the hundred thousands digit of 9772548?
7
What is the ten thousands digit of 7262679?
6
What is the millions digit of 108019839?
8
What is the hundreds digit of 594606522?
5
What is the thousands digit of 617451717?
1
What is the hundreds digit of 8904733540?
5
What is the hundred thousands digit of 727600394?
6
What is the units digit of 4968674397?
7
What is the hundred thousands digit of 2470498197?
4
What is the ten millions digit of 614712086?
1
What is the millions digit of 1141193936?
1
What is the millions digit of 18464134?
8
What is the hundreds digit of 152366205?
2
What is the millions digit of 18031127?
8
What is the ten millions digit of 2951253433?
5
What is the hundred millions digit of 238504344?
2
What is the ten thousands digit of 13137283?
3
What is the tens digit of 273137694?
9
What is the units digit of 70806115?
5
What is the ten thousands digit of 337747001?
4
What is the hundred thousands digit of 55525967?
5
What is the hundred thousands digit of 1798258381?
2
What is the ten thousands digit of 3587681666?
8
What is the millions digit of 519841114?
9
What is the millions digit of 122363392?
2
What is the hundreds digit of 47339798?
7
What is the thousands digit of 5183216881?
6
What is the tens digit of 35503729?
2
What is the ten millions digit of 24478200?
2
What is the units digit of 8362967?
7
What is the ten thousands digit of 1209279653?
7
What is the ten thousands digit of 1024509580?
0
What is the ten thousands digit of 986442938?
4
What is the billions digit of 1731120955?
1
What is the billions digit of 1031328877?
1
What is the thousands digit of 50165664?
5
What is the thousands digit of 806190919?
0
What is the hundreds digit of 495243430?
4
What is the ten thousands digit of 774920839?
2
What is the millions digit of 220306036?
0
What is the hundred millions digit of 4083837579?
0
What is the tens digit of 1110171467?
6
What is the hundreds digit of 48674608?
6
What is the units digit of 24235464?
4
What is the millions digit of 38299745?
8
What is the millions digit of 223626541?
3
What is the ten thousands digit of 38542116?
4
What is the hundred millions digit of 348225536?
3
What is the hundred thousands digit of 104668036?
6
What is the units digit of 2423344750?
0
What is the tens digit of 13498443?
4
What is the hundred millions digit of 945967543?
9
What is the thousands digit of 25400608?
0
What is the hundreds digit of 15724137?
1
What is the hundred thousands digit of 2288505884?
5
What is the ten millions digit of 1132314893?
3
What is the hundred thousands digit of 146975030?
9
What is the billions digit of 1677339718?
1
What is the tens digit of 20173156?
5
What is the tens digit of 1283416427?
2
What is the thousands digit of 362385227?
5
What is the hundred thousands digit of 1584275851?
2
What is the tens digit of 1138272441?
4
What is the hundred millions digit of 290697344?
2
What is the tens digit of 806730637?
3
What is the hundreds digit of 181761171?
1
What is the thousands digit of 306268033?
8
What is the ten thousands digit of 107981322?
8
What is the ten thousands digit of 236938064?
3
What is the ten thousands digit of 12643456?
4
What is the millions digit of 2046809678?
6
What is the ten millions digit of 2396673105?
9
What is the hundred thousands digit of 142808850?
8
What is the ten millions digit of 1166242